 r + 31, -2*r + 11 = x. What are the prime factors of x?
17
Let t = 255 + 231. Suppose -8*x + 6*x = -t. What are the prime factors of x?
3
Let t = 14 - -9. Let n = t + -23. Let u = 2 + n. List the prime factors of u.
2
Suppose -2*b - 5*u = -12 - 23, -5*b + 45 = 4*u. Suppose -3*x - b*t - 20 + 221 = 0, 3*t + 153 = 2*x. List the prime factors of x.
2, 3
Suppose -99*a = -579038 + 138191. What are the prime factors of a?
61, 73
What are the prime factors of (-1 - -3) + (1510 - (-144)/(-12))?
2, 3, 5
Suppose -3*z + 2583 = -5*p, 2*z - 5*z + 2556 = 4*p. List the prime factors of z.
2, 107
Let h(d) = -d + 26. Let y be h(6). Suppose -o - 2*o + 4*s = -124, -5*s - y = 0. What are the prime factors of o?
2, 3
Let i(d) = 6*d**2 + 2*d - 2. Let b(p) = -p**2 + p + 1. Let j(m) = -2*b(m) - i(m). Let h be j(3). Let x = h - -95. List the prime factors of x.
47
Let v(p) = -65*p + 55. List the prime factors of v(-10).
3, 5, 47
Let v(s) be the second derivative of -5*s**3/3 + 3*s**2 + 3*s. Let l be v(5). List the prime factors of l/(-3) - 4/6.
2, 7
Let j(h) = h**3 + 13*h**2 - 18*h - 24. What are the prime factors of j(-14)?
2
Let u(t) = t**3 + 6*t**2 + 6*t - 5. Let n be u(-4). Suppose -8*s + 1315 = -n*s. List the prime factors of s.
263
Let h(v) = v**3 + 8*v**2 + 7*v + 5. Let a be h(-7). Suppose 4*k - a*o = 123, -53 = 5*k + 5*o - 218. What are the prime factors of k?
2
Let s be (4 - 3) + -2 - 1/(-1). Suppose 4*j = -2*b + 40, -11 = -4*b - 5*j + 54. Suppose -b*p + 7*p + 54 = s. What are the prime factors of p?
2, 3
Let x(w) = -22 - 9*w - 11*w - 2*w**2 + 2*w**2 - w**2. Let j be x(-17). Let u = -24 + j. List the prime factors of u.
5
Let r(l) = -582*l - 92. What are the prime factors of r(-4)?
2, 13, 43
Let d = 12 - 7. Suppose 2*q - 50 = 5*y - 2, y - 120 = -5*q. Suppose d*a - 5*k - 120 = -30, -q = -2*a - 2*k. What are the prime factors of a?
3, 5
Suppose 0 = 10*x - 7*x - 39. Let k(q) = q**3 - 12*q**2 - 13*q + 2. Let g be k(x). What are the prime factors of 1085/63 - g/9?
17
Let z(w) = -93*w + 52. What are the prime factors of z(-5)?
11, 47
Let m = 1415 - 711. List the prime factors of m.
2, 11
Let r = 872 - 661. What are the prime factors of r?
211
Let n(s) = s + 8. Let t be n(-3). Suppose 3*d - 3*p + 168 = -0*d, -t*d - 4*p = 280. What are the prime factors of 9/6*d/(-12)?
7
Suppose 0 = 5*y + 3*b + 118, b + 114 = -5*y - 3*b. List the prime factors of 1/(-1) + 7/((-7)/y).
5
Let k(z) = 24*z + 47. Let n be k(-14). Let c = n - -485. List the prime factors of c.
2, 7
Let j(a) = -a**2 - 11*a - 8. Let p be j(-9). Suppose 3*u = -2*u + p. What are the prime factors of (-2288)/(-65) - u/10?
5, 7
Suppose -3*q - 86 + 332 = -3*w, 3 = -3*w. Suppose -q*x = -87*x + 198. What are the prime factors of x?
3, 11
Suppose -2483*v = -2477*v - 14982. What are the prime factors of v?
11, 227
Suppose 110 = 4*a + a. Suppose -14*n - 520 + 856 = 0. Let p = n - a. What are the prime factors of p?
2
Let f = -87 - -122. Suppose 5*u = 3*t + 36 + f, -4*u - 4*t = -44. Suppose -5*w = u - 83. List the prime factors of w.
2, 7
Suppose -3*c - 184 = 5*g + 163, 0 = 3*c - 3*g + 339. Let d = c - -167. List the prime factors of d.
53
Let z = -844 - -600. Let a = -130 - z. What are the prime factors of a?
2, 3, 19
Let p = 1 + -7. Let w = -1138 + 1168. Let r = p + w. List the prime factors of r.
2, 3
Let p(v) = -73*v - 19. Let w(d) = -d + 4 + 1 + 23*d - 4*d. Let j(t) = -2*p(t) - 9*w(t). What are the prime factors of j(-3)?
41
Suppose -5*i + 0*i = -2040. Suppose -i = -5*m + m. What are the prime factors of 1*-3*m/(-18)?
17
Let t be 4 + (-6 - (18 - 2)/(-4)). Suppose -t*c = 27 - 443. List the prime factors of c.
2, 13
Let a(p) = -11*p. Let z be a(1). Let d = z - 4. Let u = -8 - d. What are the prime factors of u?
7
Suppose f + 2*u = 3*u - 17, 5*u = 3*f + 61. Let k = f - -12. Suppose -6*m + 2*m + 84 = k. List the prime factors of m.
3, 7
Let o(s) = 103*s + 317. What are the prime factors of o(16)?
3, 5, 131
Let w(o) = 276*o + 15. List the prime factors of w(1).
3, 97
Let h(o) = -o**3 - 5*o**2 - 7*o - 7. Let z be h(-4). Suppose -231 = z*l - 8*l. What are the prime factors of l?
7, 11
Let y = -25 - -11. Let o(h) = 2*h**2 - 2*h - 1. Let s be o(-3). Let t = y + s. List the prime factors of t.
3
Let p(z) be the first derivative of -z**3/3 - 11*z**2/2 - 16*z + 7. List the prime factors of p(-6).
2, 7
What are the prime factors of 2475/6 + 5/(-2)?
2, 5, 41
Suppose -2*q = 2*c - 718, -3*q - 76 = -c - 1157. List the prime factors of q.
2, 3, 5
Suppose -5*y - 94 = t, -2*y = -4*t + 3*t + 32. Let k be 2/(-11) + y/22. What are the prime factors of (-8)/(k/(-4)*-2)?
2
Suppose -3*l + 7044 = 4*x + l, -5*x = -l - 8817. List the prime factors of x.
41, 43
Let p = -469 + 312. Let g = p + 348. Suppose 4*s - 21 - g = 0. What are the prime factors of s?
53
Suppose -4*t = -3*o + 19, 0*o - o - 2*t = -23. Let a(w) be the second derivative of 2*w**3/3 - 3*w**2/2 - 16*w. What are the prime factors of a(o)?
7
Let p = -44 + 38. List the prime factors of (4 + -1)*(p + 12).
2, 3
What are the prime factors of 635/3 + (-40)/(-120)?
2, 53
Suppose -9*c = 10540 - 36613. What are the prime factors of c?
2897
Let w be (0 + -2 - -1) + 7 + 51. Suppose -5*c + 4*z = -110, z - w = -4*c + 31. What are the prime factors of c?
2, 11
Let k(z) = z**2 - 29*z - 19. List the prime factors of k(-22).
1103
Let z = 18 + -13. Let x = 4 + -12. What are the prime factors of (x/z)/((-8)/20)?
2
Let u(v) = 84*v - 2. Let i be u(-1). Let q be i/(-2) - 5/5. List the prime factors of q/(-1 - (-6)/2).
3, 7
Let o(k) = 8*k - 2 - 17*k + k**2 + 10*k + 4*k**3. Suppose -3*x + 6 = -0*x. What are the prime factors of o(x)?
2, 3
Let x(g) = -28 - 24*g + 13 + 15. What are the prime factors of x(-1)?
2, 3
Let d be 4/(-30)*-5*9. Let c(y) = y**2 + 7*y - 8. Let w be c(d). List the prime factors of ((-48)/10)/((-21)/w).
2
Let w(q) = 41*q**2 + 1. Let h(d) = d**2 - 9*d - 1. Let r be h(9). Let l = r - 0. List the prime factors of w(l).
2, 3, 7
Suppose 8*s - 101 = 3*s + 4*b, -3*s - 3*b = -39. Let z = 6 - s. List the prime factors of 5 + (0 - 2) - z.
2, 7
Suppose 19*c - 3909 = -4*n + 24*c, 5*n - 2*c - 4865 = 0. List the prime factors of n.
971
Suppose 23*k = 30*k - 14. Suppose 9*d = -k*d + 3454. List the prime factors of d.
2, 157
Let d(g) = -g**2 + 34*g + 15. Let f be d(15). What are the prime factors of ((-66)/(-10) + -7)/((-1)/f)?
2, 3, 5
Suppose -14*m + 11*m + 2802 = 0. What are the prime factors of m?
2, 467
List the prime factors of (-1 - 1)*7391/(-38).
389
Let l(q) = q**2 - 14. Let z(p) = -p**2 + 2*p + 3. Let c be z(5). What are the prime factors of l(c)?
2, 5, 13
Let g be (-46)/(-4)*(-1 - 1). Let v = 54 + g. List the prime factors of v.
31
Let x(g) = 57*g + 33. List the prime factors of x(7).
2, 3
Let j be 983/(-5) - 15/(-25). Let o be 4 + 3/((-12)/j). Suppose -4*g = -3*g - o. What are the prime factors of g?
53
Let c be (-3 - -3)/(3 - -1). Suppose q - 19 - 23 = c. Suppose 0 = 2*n + 2*i - 14, 0*n + 3*n - 4*i - q = 0. List the prime factors of n.
2, 5
Let t(s) = -2*s**3 + 2*s**2 - 3*s + 2. Let l(p) = -p**3 - 4*p**2 + 4*p - 4. Let n be l(-5). Let q be t(n). Let z(o) = -5*o + 1. List the prime factors of z(q).
2, 3
Let y(i) = 40*i**2 + 5*i + 11. Let d be y(-3). What are the prime factors of d/18 - (-14)/63?
2, 5
Let a = 2 - 6. Let p be a/(-8) - (-5)/2. Suppose -p*m - 46 = -2*h - m, -2*h + 40 = -5*m. List the prime factors of h.
5
Suppose 5 = -l + 14. Let f be (12/l)/(-2)*-9. What are the prime factors of (-5)/15 + 116/f?
19
List the prime factors of (-3)/((-5)/3005*3).
601
Suppose 856 = 3*h + 5*m, 7*m - 1431 = -5*h + 3*m. What are the prime factors of h?
7, 41
Suppose 2*d - 72 + 84 = 0. Let s(t) = t**2 + 5*t - 4. Let a(u) = u. Let g(n) = -4*a(n) + s(n). What are the prime factors of g(d)?
2, 13
Let b(k) = 5*k + 0 + 5 - 7. Let i(j) = -4*j + 3. Let f(x) = 5*b(x) + 6*i(x). What are the prime factors of f(6)?
2, 7
Suppose -2*z - j = -497, 0*z + 3*z - 747 = -2*j. What are the prime factors of z?
13, 19
Let v be 4/6 - (-294)/18. Suppose 2*k - v = 3*d, 2*k - 3*d - 5 = -4*d. Suppose 0 = o - k*j - 28, 2*o - 52 = -2*o - 4*j. List the prime factors of o.
2
Suppose -2*n - 2*k - 2 = 0, 4*n - 2*k = -5*k - 1. Let v be n*(-2)/(8/6). List the prime factors of 12 + 2 + v + -2.
3
Let n(k) be the third derivative o